Is 11549 a composite number?
False
Is 9883 composite?
False
Is 162671 a composite number?
False
Is 85915 a composite number?
True
Is 41131 composite?
False
Is 26801 a prime number?
True
Is 252307 a prime number?
False
Is 423977 a composite number?
False
Is 10811 a composite number?
True
Is 24445 composite?
True
Is 2761 a prime number?
False
Is 9901 prime?
True
Is 907 a prime number?
True
Is 5513 a prime number?
False
Is 557339 prime?
True
Is 7559 a composite number?
False
Is 60719 composite?
False
Is 2833 composite?
False
Is 9847 a composite number?
True
Is 15767 composite?
False
Is 511527 a composite number?
True
Is 82367 a prime number?
False
Is 12059 a prime number?
False
Is 18701 prime?
True
Is 325877 a composite number?
False
Is 230213 a composite number?
False
Is 91579 prime?
False
Is 45941 prime?
False
Is 1031 a prime number?
True
Is 286129 a prime number?
True
Is 31751 composite?
False
Is 113063 prime?
True
Is 10195 a composite number?
True
Is 19373 prime?
True
Is 53 prime?
True
Is 12637 prime?
True
Is 309953 prime?
False
Is 7681 a prime number?
True
Is 4981 a composite number?
True
Is 92843 a prime number?
False
Is 422 prime?
False
Is 787 prime?
True
Is 63809 composite?
False
Is 35957 prime?
False
Is 20597 prime?
False
Is 1378187 a prime number?
True
Is 29833 prime?
True
Is 116749 a prime number?
False
Is 1217233 prime?
True
Is 28445 prime?
False
Is 1347557 prime?
True
Is 222107 composite?
False
Is 92623 composite?
False
Is 33851 a prime number?
True
Is 622133 prime?
True
Is 35683 composite?
True
Is 59043 a composite number?
True
Is 6563 a prime number?
True
Is 277213 composite?
False
Is 179759 prime?
False
Is 4000037 a prime number?
True
Is 19531 prime?
True
Is 239819 composite?
True
Is 451 prime?
False
Is 1443613 a composite number?
False
Is 14281 a prime number?
True
Is 86509 composite?
False
Is 142297 a prime number?
True
Is 263951 a prime number?
True
Is 10133 a prime number?
True
Is 134887 prime?
True
Is 51215 a composite number?
True
Is 12067 a prime number?
False
Is 75281 prime?
False
Is 15791 composite?
False
Is 45455 composite?
True
Is 29038 a composite number?
True
Is 1706 a prime number?
False
Is 1952323 prime?
True
Is 170627 composite?
False
Is 1105787 a composite number?
False
Is 302927 a prime number?
True
Is 826257 a composite number?
True
Is 386683 composite?
True
Is 147353 a composite number?
False
Is 173609 a composite number?
True
Is 365 a composite number?
True
Is 673997 prime?
False
Is 13241 composite?
False
Is 14285 prime?
False
Is 119489 a prime number?
True
Is 5647 composite?
False
Is 6197 composite?
False
Is 30047 a prime number?
True
Is 271897 prime?
True
Is 444071 a composite number?
True
Is 733 a prime number?
True
Is 16381 prime?
True
Is 413878 composite?
True
Is 32887 a prime number?
True
Is 248933 composite?
True
Is 27074 a prime number?
False
Is 4153 prime?
True
Is 113933 a composite number?
False
Is 785 a composite number?
True
Is 573 a composite number?
True
Is 3511 prime?
True
Is 121129 prime?
False
Is 195961 a composite number?
True
Is 964199 composite?
False
Is 1036181 composite?
True
Is 68881 composite?
False
Is 19697 prime?
True
Is 5855 composite?
True
Is 3791 prime?
False
Is 4117 prime?
False
Is 10031 prime?
False
Is 11777 prime?
True
Is 13289 a composite number?
True
Is 543113 composite?
False
Is 911 prime?
True
Is 225679 prime?
False
Is 108831 composite?
True
Is 8465 a prime number?
False
Is 1223879 prime?
True
Is 3433 composite?
False
Is 290107 a composite number?
False
Is 97921 a prime number?
False
Is 22921 a composite number?
False
Is 10079 prime?
True
Is 207859 composite?
True
Is 152939 a composite number?
False
Is 220505 prime?
False
Is 968419 a composite number?
False
Is 365447 a composite number?
True
Is 10055 a prime number?
False
Is 10893 composite?
True
Is 102239 a composite number?
True
Is 5189 a composite number?
False
Is 8654 prime?
False
Is 8039 prime?
True
Is 9753 a composite number?
True
Is 1048511 a prime number?
False
Is 60127 composite?
False
Is 40561 prime?
False
Is 302261 a composite number?
False
Is 877327 composite?
True
Is 11633 a prime number?
True
Is 34507 a composite number?
True
Is 14567 composite?
True
Is 2866235 composite?
True
Is 2450531 prime?
True
Is 13963 prime?
True
Is 24313 composite?
True
Is 57887 composite?
True
Is 7607 prime?
True
Is 1757 composite?
True
Is 200227 a composite number?
False
Is 5723 a composite number?
True
Is 78053 a composite number?
True
Is 1315771 composite?
False
Is 1072553 prime?
False
Is 28319 composite?
False
Is 511163 a composite number?
False
Is 12953 a composite number?
False
Is 19441 composite?
False
Is 220469 a composite number?
False
Is 121819 prime?
False
Is 52157 a prime number?
False
Is 25511 prime?
False
Is 2973 a composite number?
True
Is 432277 a composite number?
False
Is 1580023 composite?
False
Is 28019 composite?
False
Is 2911 a prime number?
False
Is 46549 a composite number?
False
Is 1346 composite?
True
Is 33949 composite?
True
Is 2363 a prime number?
False
Is 585517 a composite number?
False
Is 65629 composite?
False
Is 212183 a composite number?
False
Is 20849 a composite number?
False
Is 65779 a composite number?
True
Is 13463 a prime number?
True
Is 1087 prime?
True
Is 8767 prime?
False
Is 31307 a composite number?
False
Is 1668759 a composite number?
True
Is 621739 prime?
True
Is 270287 a composite number?
False
Is 19759 a prime number?
True
Is 83969 a prime number?
True
Is 16495 prime?
False
Is 653311 composite?
False
Is 2161 prime?
True
Is 275599 composite?
False
Is 5231527 prime?
False
Is 7679 prime?
False
Is 768237 a prime number?
False
Is 374261 a composite number?
True
Is 1983761 prime?
False
Is 1513 a composite number?
True
Is 23147 a prime number?
False
Is 1903 a prime number?
False
Is 3093 prime?
False
Is 3845 a prime number?
False
Is 14395 a composite number?
True
Is 34291 a prime number?
False
Is 84353 a composite number?
True
Is 797 prime?
True
Is 14207 composite?
False
Is 1578337 prime?
False
Is 6449 composite?
False
Is 405299 prime?
True
Is 268903 a prime number?
False
Is 17783 a prime number?
True
Is 316139 prime?
True
Is 211007 a prime number?
True
Is 44353 composite?
True
Is 1458229 a composite number?
False
Is 283763 composite?
False
Is 11957 a composite number?
True
Is 502721 a composite number?
True
Is 20777 a prime number?
False
Is 74551 a composite number?
False
Is 131411 a prime number?
False
Is 108479 composite?
True
Is 108183 composite?
True
Is 2861 a composite number?
False
Is 5449 prime?
True
Is 30911 prime?
True
Is 257591 composite?
False
Is 1937149 composite?
True
Is 1131943 prime?
True
Is 1931 a prime number?
True
Is 15991 a prime number?
True
Is 98261 composite?
True
Is 90541 composite?
True
Is 253229 prime?
True
Is 2543633 a prime number?
True
Is 1759 prime?
True
Is 29069 composite?
True
Is 7669 a prime number?
True
Is 321889 composite?
False
Is 33574 composite?
True
Is 5627 a composite number?
True
Is 100267 a prime number?
True
Is 7327 a prime number?
False
Is 9239 a composite number?
False
Is 473029 a prime number?
False
Is 8011 composite?
False
Is 1077413 a composite number?
False
Is 17681 a prime number?
True
Is 290845 a prime number?
False
Is 1733 a composite number?
False
Is 54422 a prime number?
False
Is 97547 a prime number?
True
Is 683237 a prime number?
False
Is 78307 composite?
False
Is 6767 a prime number?
False
Is 32741 a prime number?
False
Is 226637 a composite number?
False
Is 637933 a composite number?
False
Is 294146 a composite number?
True
Is 237827 prime?
False
Is 1145 composite?
True
Is 2641993 a prime number?
True
Is 758937 a prime number?
False
Is 28261 a composite number?
True
Is 4207 a prime number?
False
Is 251105 a composite number?
True
Is 81331 a composite number?
False
Is 28789 a composite number?
False
Is 20627 a composite number?
False
Is 8419 a prime number?
True
Is 34163 a composite number?
True
Is 148037 a prime number?
False
Is 220121 a composite number?
True
Is 394511 a prime number?
False
Is 29717 composite?
False
Is 18661 composite?
False
Is 12937 a prime number?
False
Is 684007 composite?
False
Is 8887 a prime number?
True
Is 1693 a composite number?
False
Is 8809 prime?
False
Is 637691 composite?
False
Is 10085 a prime number?
F